 of 168832?
2, 1319
What are the prime factors of 789?
3, 263
List the prime factors of 124382.
2, 62191
List the prime factors of 21262.
2, 10631
What are the prime factors of 37145?
5, 17, 19, 23
List the prime factors of 4718.
2, 7, 337
What are the prime factors of 162?
2, 3
What are the prime factors of 4191?
3, 11, 127
List the prime factors of 1604.
2, 401
What are the prime factors of 235?
5, 47
What are the prime factors of 17960?
2, 5, 449
List the prime factors of 21453.
3, 7151
What are the prime factors of 24364?
2, 6091
What are the prime factors of 172343?
172343
List the prime factors of 308.
2, 7, 11
List the prime factors of 5564.
2, 13, 107
List the prime factors of 3331.
3331
List the prime factors of 21891.
3, 7297
List the prime factors of 2912.
2, 7, 13
List the prime factors of 5283.
3, 587
List the prime factors of 3227.
7, 461
What are the prime factors of 30634?
2, 17, 53
List the prime factors of 9859.
9859
List the prime factors of 15590.
2, 5, 1559
List the prime factors of 38296.
2, 4787
List the prime factors of 600.
2, 3, 5
What are the prime factors of 46749?
3, 15583
What are the prime factors of 353?
353
What are the prime factors of 14784?
2, 3, 7, 11
List the prime factors of 9408.
2, 3, 7
List the prime factors of 59740.
2, 5, 29, 103
What are the prime factors of 2716?
2, 7, 97
List the prime factors of 6954.
2, 3, 19, 61
What are the prime factors of 827?
827
What are the prime factors of 884?
2, 13, 17
List the prime factors of 3276.
2, 3, 7, 13
What are the prime factors of 1931?
1931
What are the prime factors of 7753?
7753
What are the prime factors of 47965?
5, 53, 181
List the prime factors of 1533.
3, 7, 73
List the prime factors of 14882.
2, 7, 1063
List the prime factors of 22889.
47, 487
What are the prime factors of 37046?
2, 18523
List the prime factors of 22630.
2, 5, 31, 73
What are the prime factors of 8017?
8017
What are the prime factors of 3029?
13, 233
List the prime factors of 47283.
3, 15761
What are the prime factors of 932?
2, 233
What are the prime factors of 4305?
3, 5, 7, 41
What are the prime factors of 1992?
2, 3, 83
What are the prime factors of 3725?
5, 149
What are the prime factors of 43996?
2, 17, 647
What are the prime factors of 1228?
2, 307
List the prime factors of 20047.
20047
What are the prime factors of 10270?
2, 5, 13, 79
What are the prime factors of 3436?
2, 859
What are the prime factors of 22356?
2, 3, 23
What are the prime factors of 47860?
2, 5, 2393
What are the prime factors of 88128?
2, 3, 17
What are the prime factors of 104465?
5, 17, 1229
List the prime factors of 10782.
2, 3, 599
List the prime factors of 1243.
11, 113
List the prime factors of 10030.
2, 5, 17, 59
What are the prime factors of 14022?
2, 3, 19, 41
List the prime factors of 1016.
2, 127
What are the prime factors of 2843?
2843
What are the prime factors of 17920?
2, 5, 7
What are the prime factors of 35123?
11, 31, 103
List the prime factors of 1398.
2, 3, 233
List the prime factors of 42.
2, 3, 7
What are the prime factors of 5443?
5443
What are the prime factors of 2472?
2, 3, 103
What are the prime factors of 3827?
43, 89
List the prime factors of 476.
2, 7, 17
List the prime factors of 1013.
1013
What are the prime factors of 38236?
2, 11, 79
What are the prime factors of 1740?
2, 3, 5, 29
What are the prime factors of 74636?
2, 47, 397
What are the prime factors of 30527?
7, 89
List the prime factors of 82451.
41, 2011
What are the prime factors of 127696?
2, 23, 347
What are the prime factors of 176367?
3, 58789
List the prime factors of 16482.
2, 3, 41, 67
What are the prime factors of 40047?
3, 7, 1907
What are the prime factors of 1799?
7, 257
What are the prime factors of 1056?
2, 3, 11
List the prime factors of 1134.
2, 3, 7
What are the prime factors of 75127?
13, 5779
List the prime factors of 25034.
2, 12517
What are the prime factors of 4369?
17, 257
What are the prime factors of 5942?
2, 2971
List the prime factors of 7339.
41, 179
What are the prime factors of 55519?
59, 941
What are the prime factors of 1763?
41, 43
What are the prime factors of 1115?
5, 223
What are the prime factors of 12873?
3, 7, 613
What are the prime factors of 1983?
3, 661
What are the prime factors of 18981?
3, 19, 37
What are the prime factors of 69053?
199, 347
What are the prime factors of 45199?
7, 11, 587
What are the prime factors of 10378?
2, 5189
List the prime factors of 24260.
2, 5, 1213
List the prime factors of 825.
3, 5, 11
List the prime factors of 1092.
2, 3, 7, 13
List the prime factors of 25461.
3, 23, 41
What are the prime factors of 5521?
5521
List the prime factors of 1805.
5, 19
What are the prime factors of 4033?
37, 109
What are the prime factors of 117430?
2, 5, 11743
What are the prime factors of 885?
3, 5, 59
What are the prime factors of 1887?
3, 17, 37
List the prime factors of 3523.
13, 271
List the prime factors of 4470.
2, 3, 5, 149
List the prime factors of 21025.
5, 29
What are the prime factors of 338?
2, 13
What are the prime factors of 5254?
2, 37, 71
List the prime factors of 3031.
7, 433
What are the prime factors of 11503?
11503
What are the prime factors of 1044?
2, 3, 29
List the prime factors of 860.
2, 5, 43
List the prime factors of 15269.
15269
List the prime factors of 149.
149
List the prime factors of 4077.
3, 151
What are the prime factors of 47324?
2, 11831
What are the prime factors of 1346?
2, 673
List the prime factors of 375.
3, 5
What are the prime factors of 3552?
2, 3, 37
What are the prime factors of 61111?
23, 2657
List the prime factors of 8831.
8831
List the prime factors of 1932.
2, 3, 7, 23
List the prime factors of 2299.
11, 19
List the prime factors of 172130.
2, 5, 7, 2459
List the prime factors of 20290.
2, 5, 2029
List the prime factors of 1334.
2, 23, 29
List the prime factors of 177130.
2, 5, 17713
What are the prime factors of 644?
2, 7, 23
List the prime factors of 128769.
3, 42923
List the prime factors of 472.
2, 59
What are the prime factors of 1846?
2, 13, 71
What are the prime factors of 1252?
2, 313
List the prime factors of 2541.
3, 7, 11
List the prime factors of 1798.
2, 29, 31
List the prime factors of 82.
2, 41
List the prime factors of 26686.
2, 11, 1213
List the prime factors of 1417.
13, 109
What are the prime factors of 47232?
2, 3, 41
List the prime factors of 1526.
2, 7, 109
What are the prime factors of 736?
2, 23
What are the prime factors of 1330?
2, 5, 7, 19
List the prime factors of 3123.
3, 347
What are the prime factors of 4144?
2, 7, 37
List the prime factors of 101060.
2, 5, 31, 163
List the prime factors of 1296.
2, 3
What are the prime factors of 2560?
2, 5
List the prime factors of 28521.
3, 3169
What are the prime factors of 6589?
11, 599
List the prime factors of 1549.
1549
List the prime factors of 7712.
2, 241
List the prime factors of 70662.
2, 3, 11777
List the prime factors of 99017.
99017
List the prime factors of 1182.
2, 3, 197
List the prime factors of 3792.
2, 3, 79
What are the prime factors of 855?
3, 5, 19
List the prime factors of 435.
3, 5, 29
List the prime factors of 60588.
2, 3, 11, 17
List the prime factors of 34421.
34421
What are the prime factors of 3107?
13, 239
List the prime factors of 1735.
5, 347
What are the prime factors of 1186?
2, 593
What are the prime factors of 1081?
23, 47
What are the prime factors of 1327?
1327
What are the prime factors of 14?
2, 7
List the prime factors of 80643.
3, 26881
List the prime factors of 1402.
2, 701
What are the prime factors of 1410?
2, 3, 5, 47
List the prime factors of 65659.
11, 47, 127
List the prime factors of 6662.
2, 3331
List the prime factors of 4629.
3, 1543
What are the prime factors of 27240?
2, 3, 5, 227
List the prime factors of 7144.
2, 19, 47
List the prime factors of 4487.
7, 641
List the prime factors of 2540.
2, 5, 127
List the prime factors of 7020.
2, 3, 5, 13
List the prime factors of 25818.
2, 3, 13, 331
List the prime factors of 2318.
2, 19, 61
What are the prime factors of 866?
2, 433
What are the prime factors of 12773?
53, 241
List the prime factors of 1190.
2, 5, 7, 17
What are the prime factors of 2533?
17, 149
What are the prime factors of 188563?
188563
List the prime factors of 132.
2, 3,